[INFO] cloning repository https://github.com/maekawatoshiki/mytetris
[INFO] running `Command { std: "git" "-c" "credential.helper=" "-c" "credential.helper=/workspace/cargo-home/bin/git-credential-null" "clone" "--bare" "https://github.com/maekawatoshiki/mytetris" "/workspace/cache/git-repos/https%3A%2F%2Fgithub.com%2Fmaekawatoshiki%2Fmytetris", kill_on_drop: false }`
[INFO] [stderr] Cloning into bare repository '/workspace/cache/git-repos/https%3A%2F%2Fgithub.com%2Fmaekawatoshiki%2Fmytetris'...
[INFO] running `Command { std: "git" "rev-parse" "HEAD", kill_on_drop: false }`
[INFO] [stdout] b806aa5b0b1e765278827732ee43571b6711714a
[INFO] checking maekawatoshiki/mytetris against try#72f88fc4e9458f89516a0b8b0868f3718aec5b47 for pr-74989
[INFO] running `Command { std: "git" "clone" "/workspace/cache/git-repos/https%3A%2F%2Fgithub.com%2Fmaekawatoshiki%2Fmytetris" "/workspace/builds/worker-11/source", kill_on_drop: false }`
[INFO] [stderr] Cloning into '/workspace/builds/worker-11/source'...
[INFO] [stderr] done.
[INFO] validating manifest of git repo https://github.com/maekawatoshiki/mytetris on toolchain 72f88fc4e9458f89516a0b8b0868f3718aec5b47
[INFO] running `Command { std: "/workspace/cargo-home/bin/cargo" "+72f88fc4e9458f89516a0b8b0868f3718aec5b47" "read-manifest" "--manifest-path" "Cargo.toml", kill_on_drop: false }`
[INFO] started tweaking git repo https://github.com/maekawatoshiki/mytetris
[INFO] finished tweaking git repo https://github.com/maekawatoshiki/mytetris
[INFO] tweaked toml for git repo https://github.com/maekawatoshiki/mytetris written to /workspace/builds/worker-11/source/Cargo.toml
[INFO] crate git repo https://github.com/maekawatoshiki/mytetris already has a lockfile, it will not be regenerated
[INFO] running `Command { std: "/workspace/cargo-home/bin/cargo" "+72f88fc4e9458f89516a0b8b0868f3718aec5b47" "fetch" "--locked" "--manifest-path" "Cargo.toml", kill_on_drop: false }`
[INFO] running `Command { std: "docker" "create" "-v" "/var/lib/crater-agent-workspace/builds/worker-11/target:/opt/rustwide/target:rw,Z" "-v" "/var/lib/crater-agent-workspace/builds/worker-11/source:/opt/rustwide/workdir:ro,Z" "-v" "/var/lib/crater-agent-workspace/cargo-home:/opt/rustwide/cargo-home:ro,Z" "-v" "/var/lib/crater-agent-workspace/rustup-home:/opt/rustwide/rustup-home:ro,Z" "-e" "SOURCE_DIR=/opt/rustwide/workdir" "-e" "CARGO_TARGET_DIR=/opt/rustwide/target" "-e" "CARGO_HOME=/opt/rustwide/cargo-home" "-e" "RUSTUP_HOME=/opt/rustwide/rustup-home" "-w" "/opt/rustwide/workdir" "-m" "1610612736" "--user" "0:0" "--network" "none" "rustops/crates-build-env@sha256:d92eaeed33fa75130ca1ee6c8a01d1ffb62bac859dfdfb3450e3e5d1c0146529" "/opt/rustwide/cargo-home/bin/cargo" "+72f88fc4e9458f89516a0b8b0868f3718aec5b47" "metadata" "--no-deps" "--format-version=1", kill_on_drop: false }`
[INFO] [stdout] 52903eee585a75da76b525cf6da3716d4258f915ecfa045014b9979967d6e495
[INFO] [stderr] WARNING: Your kernel does not support swap limit capabilities or the cgroup is not mounted. Memory limited without swap.
[INFO] running `Command { std: "docker" "start" "-a" "52903eee585a75da76b525cf6da3716d4258f915ecfa045014b9979967d6e495", kill_on_drop: false }`
[INFO] running `Command { std: "docker" "inspect" "52903eee585a75da76b525cf6da3716d4258f915ecfa045014b9979967d6e495", kill_on_drop: false }`
[INFO] running `Command { std: "docker" "rm" "-f" "52903eee585a75da76b525cf6da3716d4258f915ecfa045014b9979967d6e495", kill_on_drop: false }`
[INFO] [stdout] 52903eee585a75da76b525cf6da3716d4258f915ecfa045014b9979967d6e495
[INFO] running `Command { std: "docker" "create" "-v" "/var/lib/crater-agent-workspace/builds/worker-11/target:/opt/rustwide/target:rw,Z" "-v" "/var/lib/crater-agent-workspace/builds/worker-11/source:/opt/rustwide/workdir:ro,Z" "-v" "/var/lib/crater-agent-workspace/cargo-home:/opt/rustwide/cargo-home:ro,Z" "-v" "/var/lib/crater-agent-workspace/rustup-home:/opt/rustwide/rustup-home:ro,Z" "-e" "SOURCE_DIR=/opt/rustwide/workdir" "-e" "CARGO_TARGET_DIR=/opt/rustwide/target" "-e" "CARGO_INCREMENTAL=0" "-e" "RUST_BACKTRACE=full" "-e" "RUSTFLAGS=--cap-lints=forbid" "-e" "CARGO_HOME=/opt/rustwide/cargo-home" "-e" "RUSTUP_HOME=/opt/rustwide/rustup-home" "-w" "/opt/rustwide/workdir" "-m" "1610612736" "--user" "0:0" "--network" "none" "rustops/crates-build-env@sha256:d92eaeed33fa75130ca1ee6c8a01d1ffb62bac859dfdfb3450e3e5d1c0146529" "/opt/rustwide/cargo-home/bin/cargo" "+72f88fc4e9458f89516a0b8b0868f3718aec5b47" "check" "--frozen" "--all" "--all-targets" "--message-format=json", kill_on_drop: false }`
[INFO] [stderr] WARNING: Your kernel does not support swap limit capabilities or the cgroup is not mounted. Memory limited without swap.
[INFO] [stdout] ff40c9007013434b29901926d2e81be4130cc09631dd5041b1542dbfac26ef26
[INFO] running `Command { std: "docker" "start" "-a" "ff40c9007013434b29901926d2e81be4130cc09631dd5041b1542dbfac26ef26", kill_on_drop: false }`
[INFO] [stderr]     Checking mytetris v0.1.0 (/opt/rustwide/workdir)
[INFO] [stdout] error[E0432]: unresolved import `rand`
[INFO] [stdout]  --> src/field.rs:2:5
[INFO] [stdout]   |
[INFO] [stdout] 2 | use rand;
[INFO] [stdout]   |     ^^^^ no `rand` external crate
[INFO] [stdout] 
[INFO] [stdout] 
[INFO] [stdout] error[E0433]: failed to resolve: use of undeclared type or module `termion`
[INFO] [stdout]    --> src/field.rs:144:13
[INFO] [stdout]     |
[INFO] [stdout] 144 |         use termion::raw::IntoRawMode;
[INFO] [stdout]     |             ^^^^^^^ use of undeclared type or module `termion`
[INFO] [stdout] 
[INFO] [stdout] 
[INFO] [stdout] error[E0432]: unresolved import `termion`
[INFO] [stdout]    --> src/field.rs:141:13
[INFO] [stdout]     |
[INFO] [stdout] 141 |         use termion::async_stdin;
[INFO] [stdout]     |             ^^^^^^^ use of undeclared type or module `termion`
[INFO] [stdout] 
[INFO] [stdout] 
[INFO] [stdout] error[E0432]: unresolved import `rand`
[INFO] [stdout]  --> src/field.rs:2:5
[INFO] [stdout]   |
[INFO] [stdout] 2 | use rand;
[INFO] [stdout]   |     ^^^^ no `rand` external crate
[INFO] [stdout] 
[INFO] [stdout] 
[INFO] [stdout] error[E0433]: failed to resolve: use of undeclared type or module `termion`
[INFO] [stdout]    --> src/field.rs:144:13
[INFO] [stdout]     |
[INFO] [stdout] 144 |         use termion::raw::IntoRawMode;
[INFO] [stdout]     |             ^^^^^^^ use of undeclared type or module `termion`
[INFO] [stdout] 
[INFO] [stdout] 
[INFO] [stdout] error[E0432]: unresolved import `termion`
[INFO] [stdout]    --> src/field.rs:141:13
[INFO] [stdout]     |
[INFO] [stdout] 141 |         use termion::async_stdin;
[INFO] [stdout]     |             ^^^^^^^ use of undeclared type or module `termion`
[INFO] [stdout] 
[INFO] [stdout] 
[INFO] [stdout] error[E0599]: no method named `into_raw_mode` found for struct `Stdout` in the current scope
[INFO] [stdout]    --> src/field.rs:146:35
[INFO] [stdout]     |
[INFO] [stdout] 146 |         let mut stdout = stdout().into_raw_mode().unwrap();
[INFO] [stdout]     |                                   ^^^^^^^^^^^^^ method not found in `Stdout`
[INFO] [stdout] 
[INFO] [stdout] 
[INFO] [stdout] warning: unused import: `Read`
[INFO] [stdout]    --> src/field.rs:139:23
[INFO] [stdout]     |
[INFO] [stdout] 139 |         use std::io::{Read, Write};
[INFO] [stdout]     |                       ^^^^
[INFO] [stdout]     |
[INFO] [stdout]     = note: `#[warn(unused_imports)]` on by default
[INFO] [stdout] 
[INFO] [stdout] 
[INFO] [stdout] warning: unused import: `Write`
[INFO] [stdout]    --> src/field.rs:139:29
[INFO] [stdout]     |
[INFO] [stdout] 139 |         use std::io::{Read, Write};
[INFO] [stdout]     |                             ^^^^^
[INFO] [stdout] 
[INFO] [stdout] 
[INFO] [stdout] error: aborting due to 4 previous errors; 2 warnings emitted
[INFO] [stdout] 
[INFO] [stdout] 
[INFO] [stdout] Some errors have detailed explanations: E0432, E0433, E0599.
[INFO] [stdout] 
[INFO] [stdout] For more information about an error, try `rustc --explain E0432`.
[INFO] [stdout] 
[INFO] [stderr] error: could not compile `mytetris`.
[INFO] [stderr] 
[INFO] [stderr] To learn more, run the command again with --verbose.
[INFO] [stderr] warning: build failed, waiting for other jobs to finish...
[INFO] [stdout] error[E0599]: no method named `into_raw_mode` found for struct `Stdout` in the current scope
[INFO] [stdout]    --> src/field.rs:146:35
[INFO] [stdout]     |
[INFO] [stdout] 146 |         let mut stdout = stdout().into_raw_mode().unwrap();
[INFO] [stdout]     |                                   ^^^^^^^^^^^^^ method not found in `Stdout`
[INFO] [stdout] 
[INFO] [stdout] 
[INFO] [stdout] warning: unused import: `Read`
[INFO] [stdout]    --> src/field.rs:139:23
[INFO] [stdout]     |
[INFO] [stdout] 139 |         use std::io::{Read, Write};
[INFO] [stdout]     |                       ^^^^
[INFO] [stdout]     |
[INFO] [stdout]     = note: `#[warn(unused_imports)]` on by default
[INFO] [stdout] 
[INFO] [stdout] 
[INFO] [stdout] warning: unused import: `Write`
[INFO] [stdout]    --> src/field.rs:139:29
[INFO] [stdout]     |
[INFO] [stdout] 139 |         use std::io::{Read, Write};
[INFO] [stdout]     |                             ^^^^^
[INFO] [stdout] 
[INFO] [stdout] 
[INFO] [stdout] error: aborting due to 4 previous errors; 2 warnings emitted
[INFO] [stdout] 
[INFO] [stdout] 
[INFO] [stdout] Some errors have detailed explanations: E0432, E0433, E0599.
[INFO] [stdout] 
[INFO] [stdout] For more information about an error, try `rustc --explain E0432`.
[INFO] [stdout] 
[INFO] [stderr] error: build failed
[INFO] running `Command { std: "docker" "inspect" "ff40c9007013434b29901926d2e81be4130cc09631dd5041b1542dbfac26ef26", kill_on_drop: false }`
[INFO] running `Command { std: "docker" "rm" "-f" "ff40c9007013434b29901926d2e81be4130cc09631dd5041b1542dbfac26ef26", kill_on_drop: false }`
[INFO] [stdout] ff40c9007013434b29901926d2e81be4130cc09631dd5041b1542dbfac26ef26
